)
7
(-2 + -9 - -2) + -2 + 7
-4
Calculate -13 + 15 - (2 - -6) - -8.
2
What is the value of 3 - (1 - -3) - (-35 + 30)?
4
4 - 4 - 4 - (-2 - -1)
-3
What is the value of 5 - (5 + 7 + -13 + 1)?
5
20 + 7 + -8 + (-4 - 4)
11
-2 + -2 + 0 + -4 + 4
-4
(-7 - 0) + (8 - (17 - 9))
-7
6 - (7 - (3 + 0 + 1))
3
Evaluate -12 - (-7 + 4 + -2).
-7
Evaluate -4 - (4 - 16 - -5 - -4).
-1
What is the value of (1 - 1) + (-18 - -20)?
2
-11 + 2 + (-2 - -10)
-1
What is (4 - 2) + -2 + (6 - 2)?
4
What is (-3 - (-5 - 6)) + -16 + 0?
-8
Calculate (-3 - -9) + -8 + -1 + 0.
-3
1 + 6 + 2 - 4
5
Calculate -2 + 8 - (9 + -5).
2
Calculate -2 - ((2 - 4) + 7 + -4).
-3
What is the value of -7 + (0 + 0 - (24 + -27))?
-4
What is the value of 1 - 0 - ((-6 - 1) + 6)?
2
What is -8 - (8 + (-2 - 4))?
-10
What is the value of -10 + (11 - -2) - 10?
-7
-3 + (-4 - 0 - (8 + -11))
-4
9 - ((4 - -8) + -7)
4
(-10 - (-5 + 0)) + 4
-1
-2 + -12 - (-87 + 67)
6
What is (3 - 1) + -1 - 3 - -1?
-1
Calculate -25 - -24 - (1 + -4) - 3.
-1
Calculate 4 - (-9 + (-3 - -9)).
7
Calculate (6 + 0 - 3) + 1.
4
What is 0 + -1 - (13 - 15) - -4?
5
Calculate (-2 - 0) + -3 + (3 - -5).
3
Calculate (0 - (-1 - 1)) + 5 + -3.
4
Evaluate 3 - (5 - 2) - (0 - 4).
4
What is the value of 0 - 1 - (-1 + -2)?
2
1 + -1 + (7 - (8 - 7))
6
Evaluate (-4 - 2) + 5 + (9 - 4).
4
2 + (0 + -1 - (-4 - -1))
4
What is 3 + -1 + (0 - 0) - -2?
4
Evaluate (0 - 3) + (1 - -4 - 2).
0
(1 - (3 - (6 - 1))) + 1
4
Evaluate 3 - -3 - (3 + -1).
4
Evaluate 2 - (-2 - -5 - (2 + 5)).
6
Calculate -3 + 10 + -7 - -2.
2
What is the value of 5 + -4 - 1 - 2?
-2
-7 + -7 + (-3 - -22) + -11
-6
-3 - -3 - 1 - -3
2
Evaluate 5 + -7 - (-1 + -2) - -2.
3
-2 - -3 - (6 + -4 - 0)
-1
-1 + (1 - (6 - 0)) + 4
-2
Evaluate -5 + (-1 - (6 - 12)).
0
What is the value of -28 + 14 + (3 - -8)?
-3
What is the value of 10 - (2 - 2 - (-19 - -13))?
4
Calculate 2 - 5 - (-10 + 10).
-3
-1 + (22 - 16) + (-5 - -1)
1
What is -1 - -5 - (5 + 5 - 6)?
0
(2 + 6 - 12) + -5
-9
4 + 3 + -8 + 4
3
What is the value of (-2 - -5) + -7 + -6 + 5?
-5
Evaluate 13 - ((-8 - 0) + 21).
0
5 + (-2 + 5 + -8 - -2)
2
3 + -3 + 3 + 1
4
Calculate (-6 + 1 + 0 - -1) + 2.
-2
Evaluate 0 + 4 + -1 + -11.
-8
What is the value of (-8 + 12 - 10) + (8 - 0)?
2
What is the value of -10 + (8 - 4) - -13?
7
Calculate 4 - -2 - (-18 - -29).
-5
What is the value of 18 + -9 + (7 - 10)?
6
What is (-2 - -7) + (12 - 12)?
5
Calculate (-5 + 7 - 0) + -6.
-4
What is the value of -26 + 16 + 14 + -1?
3
Evaluate (-351 - -342) + -2 + (-1 - -6).
-6
Calculate (0 + 1 - (1 - 3)) + -2.
1
Evaluate (-17 - -17) + (-4 - -1).
-3
5 - ((-4 - 1) + 9)
1
Evaluate 12 - (-2 - (-5 + -17)).
-8
Calculate 1 - (-6 + 8 + -9).
8
6 - (5 + 0 + -1)
2
Evaluate -3 - (5 - (1 - -7)).
0
What is (6 - 7) + (-5 - -12)?
6
6 + -3 + 1 - 0
4
What is (2 - (6 - -8)) + 7?
-5
Calculate (0 - 0) + (6 + -5 - 1).
0
Calculate -2 - (0 + 8 - (-27 - -32)).
-5
What is -7 - (-6 + (0 - -2)) - -5?
2
Evaluate 3 + 0 + (6 - 12).
-3
Calculate 9 + -1 + (2 - 13).
-3
What is -5 + -5 + 0 + 5?
-5
Evaluate (0 - 1) + 3 - 2 - 8.
-8
Evaluate -1 + -2 - -3 - -4.
4
What is the value of -9 + 7 + 8 + -1 + 0?
5
Calculate 2 + (-3 - 0) - (1 - 0).
-2
What is 1 - (-5 - (6 + -17))?
-5
Evaluate 1 + -1 + (2 - 2).
0
What is 4 + -12 + 1 - -3 - -4?
0
-1 - (0 + (9 - (8 - 5)))
-7
-79 + 78 - ((-3 - -2) + 5)
-5
Evaluate -9 - (-10 + 12 + -18).
7
What is 4 + -8 + 5 - (-5 + 2)?
4
What is -10 + -3 + 4 + 4?
-5
What is 14 + 3 + 4 + (-4 - 8)?
9
7 - ((-1 - -3) + -4) - 3
6
Evaluate (3 - (-4 + 12)) + (1 - 1).
-5
Evaluate -3 - -2 - -1 - -3.
3
Calculate 2 + -13 + (-6 - 3) + 12.
-8
8 - (14 - 8) - 6
-4
What is the value of (2 - 7) + 26 + -19?
2
Calculate 1 + 2 - (-14 - -9) - 7.
1
Evaluate -7 + 1 - (-9 + 7).
-4
What is 5 + -2 - 0 - 6?
-3
Evaluate 11 - 14 - (-6 - -1).
2
What is (5 - (4 - -1)) + -2?
-2
What is the value of -1 + -3 + (-7 - -4 - -8)?
1
Evaluate 10 + -9 + 18 + -12.
7
What is the value of -73 + 58 + 1 + 4 + 2?
-8
Calculate -7 - (4 - (-4 - -9)).
-6
Evaluate (-2 - -1) + (4 - (-6 + 6)).
3
What is the value of -6 - (-5 - (2 - 4))?
-3
-2 + 2 + -1 - -4
3
1 + -1 + 1 + (346 - 342)
5
What is -8 - (-2 + (-4 - -3))?
-5
What is the value of (-11 - -5 - 0) + 4?
-2
Calculate 14 + -28 + 16 + -6 + 0.
-4
-1 - -1 - (-10 + 12 + -3)
1
What is (2 - 5 - (-10 - -4)) + -3?
0
What is -4 - -1 - (-3 - (2 - 5))?
-3
-4 + (-1 - (-9 + 6))
-2
Calculate -2 + (-2 - 4) + 4.
-4
Calculate (9 - 3) + (6 - 11) - -8.
9
Evaluate (1 - 1) + 0 + -1 + 0.
-1
What is -11 + -7 + 11 + 1?
-6
-5 - (-2 - (0 - 1 - 2))
-6
What is 4 - (5 - -1) - 1?
-3
What is 3 - (10 - (1 - (-1 - 0)))?
-5
Calculate 0 - -6 - (-25 - -26).
5
What is 2 + 6 + -3 + -5?
0
What is -3 - (-3 - (2 + (4 - 1)))?
5
0 + 6 + 3 + -5
4
What is the value of 1 + 13 + -10 + (1 - 1)?
4
-13 + 1 + (-89 - -97)
-4
Calculate -2 - -2 - (-12 + 10).
2
What is 6 - ((3 - 4) + 9)?
-2
What is 5 + -3 - (5 + 0 + -3)?
0
Calculate -5 + -8 + 21 + 0.
8
What is 16 - ((-8 - -9) + 9)?
6
Evaluate 1 - 1 - (1 + 2).
-3
What is the value of 3 - 2 - (-6 + 10 - 5)?
2
What is 3 + -1 + 3 - (3 + 1)?
1
What is the value of 1 + 3 + -4 + -1 + 1?
0
What is the value of -10 + 6 - (-1 + 3 - 4)?
-2
Evaluate -5 - (1 + -14 + 17).
-9
What is 5 + -1 + (-7 - -4) + 1?
2
5 + (-4 - -4) - 0
5
5 - (-2 - (1 + 3 - 6))
5
Calculate 2 + -5 + 3 - (-9 + 4).
5
Calculate 2 + -4 + 4 + 0 + 2.
4
What is the value of 2 + -17 + 7 + 1?
-7
What is the value of 1 + 1 + 2 + (-6 - -3)?
1
What is -27 + 28 - (1 + 4)?
-4
-5 + (0 - 3 - -8)
0
What is -4 - ((-2 - 2) + 4)?
-4
Calculate 3 + -2 + 1 + (12 - 11).
3
Evaluate -12 - (0 + 12 + -21).
-3
What is the value of -4 - (-2 + -2 - 4)?
4
Calculate -25 + 35 + -2 + -4.
4
Evaluate (-1 - 2) + -2 + 0 + 7.
2
Evaluate 2 + -2 + -2 + 6.
4
Evaluate 1 - -1 - (9 - (-2 - -4)).
-5
Evaluate -3 + 8 + -3 - 2.
0
Calculate -5 + (8 - 3) + -2 + 0.
-2
What is the value of 5 - (11 - -4) - -1?
-9
What is the value of 11 - (20 - 12 - -7)?
-4
What is the value of 0 + 2 - (8 - (-7 + 15))?
2
Evaluate 1 + (-2 - (-6 + 3)).
2
What is the value of -2 - (-4 + -2 - -2 - 1)?
3
Evaluate -8 + 3 + (12 - 5).
2
What is the value of -1 - 2 - -4 - (2 - 0)?
-1
Calculate 5 + (-1 - (-3 - -3)).
4
Calculate -5 + -1 + -28 + 23 - -2.
-9
Calculate (-7 - -8) + 3 + -2.
2
4 + -1 + -1 - 1
1
Evaluate -1 + 5 + (-38 - -38).
4
What is -1 - -3 - (-3 + 7 - -1)?
-3
Evaluate (3 - (1 - -13)) + 21 + -15.
-5
What is -1 + 3 + -7 + 2?
-3
Calculate 17 + -4 + (-23 - -10).
0
(-7 - 2) + (1 - -5)
-3
13 + 0 + 10 + (-8 - 9)
6
Evaluate (-8 - -9) + -6 + 0.
-5
What is the value of 2 + 4 + (4 - 8)?
2
Calculate 1 + 2 + (1 - (2 - 3)).
5
Calculate 13 - 6 - (8 + -4 - -2).
1
Calculate -1 - -2 - (11 + -13).
3
-8 + 3 + 15 + -13
-3
Evaluate (-2 - 1) + -5 + 5 + -1.
-4
What is the value of (3 - 0 - 0) + -12 + 8?
-1
What is (5 - 5) + 5 + 0 + 2?
7
What is the value of -11 + (4 - 7) + 1 + 2?
-11
Calculate 1 + 3 + (5 - (3 + 1)).
5
Evaluate -12 - ((1 - 18 - -4) + 6).
-5
What is (-1 - 1) + 13 + -5 - 3?
3
Evaluate 5 - (5 - (-3 - (-3 - 1))).
1
What is the value of 9 + (-7 - (2 + -6)) - 10?
-4
What is (-12 - -3) + 15 - 2?
4
Evaluate -2 + -7 + 6 + 1.
-2
Evaluate (0 - (1 + -6)) + (3 - 4).
4
-5 + 6 + 7 - 11
-3
Calculate 0 + 2 - (3 - 1 - -5).
-5
What is the value of -5 - (0 - 5) - 3?
-3
What is 1 - 9 - 2 - -8?
-2
What is the value of (-13 - -9) + 16 - 4?
8
What is -67 + 59 + -4 + 13?
1
What is the value of 2 - (-2 - 1) - (-3 + 3)?
5
-3 - (-7 + (3 - 0) + 1)
0
Calculate -10 - (-13 - (-3 - 6)).
-6
What is the value of -2 + -8 + 2 + (-19 - -38)?
11
What is (0 - (-2 + 1)) + 2 + -3?
0
0 + 5 + -4 - 0
1
(1 - 11 - -5) + 7 - -4
6
What is the value of (-1 + 5 - 8) + 2 + 2?
0
1 + (7 - 3) - 3
2
8 + (-1 + 1 - (7 - 2))
3
(-5 - -5) + 7 - (15 - 1)
-7
What is (14 - 9) + -10 + 1?
-4
Evaluate -1 + 1 + (-1 - 6 - -6).
-1
Evaluate 12 + 1 + -5 + -7.
1
What is the value of 0 + 0 + -3 + 3?
0
Calculate 8 - (6 + -2 + (-2 - -1)).
5
-1 - (1 + -5) - (19 + -16)
0
What is (1 + -7 - (5 + -7)) + -1?
-5
Evaluate -4 - (2 - (-2 + 3)).
-5
Evaluate -2 - (4 + -1 + -17 - -7).
5
What is -11 + 5 + -2 + 10?
2
What is 4 - ((5 - 4) + -4 - -1)?
6
-4 - (1 + 1 + -1)
-5
What is the value of -5 - (-3 + -1 - (-8 - -3))?
-6
4 + 2 - 4 - 0
2
What is the value of -6 - (2 - (4 - 1))?
-5
Evaluate -2 + 6 + -2 + -2 + 4.
4
Calculate -2 + (1 - -6) + (-2 - -1).
4
What is the value of 1 - (-8 + 4 + 4)?
1
Evaluate (5 - 4 - (0 - -1)) + 5.
5
Calc